digit of o?
4
Let b = -6 - -6. Suppose b = 2*h - h - 11. What is the tens digit of h?
1
Let s(x) = x**3 - 4*x**2 + 3. Let h(d) = d**2 - 5*d + 4. Let y be h(4). Suppose 3*j + 2*m + 6 = 20, j + 4*m - 8 = y. What is the units digit of s(j)?
3
Suppose -11 = 5*o + 14. Let q be (-1 - o)*2/4. Suppose -5*m = 3*y - 9, 6*m - q*m = 4*y - 44. What is the units digit of y?
8
Let l(f) = -f**3 - 8*f**2 + 9*f + 4. Let x be l(-9). Suppose 5*v = -p + 124, -x - 4 = -2*p. What is the tens digit of v?
2
Suppose 0*y = -2*y + 10. Suppose 0 = -2*f + 7*f - y. What is the units digit of f?
1
Let x(m) = 10*m**2 + m. Let b be x(-1). Suppose -37 = -5*p - i, 4*p + 9*i - 4*i = 17. Let s = b - p. What is the units digit of s?
1
Let y = 7 - 4. What is the units digit of ((-13)/y)/((-6)/18)?
3
Let x(a) = -3*a + 2*a - 4 + 5. Let m(h) = -5*h**2 - h + 1. Let i be m(1). What is the units digit of x(i)?
6
Let g(h) = h + 5. Let v be g(-5). Suppose v = -y - y + 14. What is the units digit of y?
7
Let w(l) = 17*l + 3. What is the units digit of w(2)?
7
Let p(m) = -8*m - 1. Let t be p(-3). Suppose -r + t = -0*r. What is the units digit of r?
3
Suppose 102 = 7*m - 2*m + 2*f, -4*f = 4*m - 72. Suppose k = -k + m. What is the tens digit of k?
1
Let y = 31 - 19. What is the units digit of y?
2
Let l = -92 + 182. What is the units digit of l?
0
Let u be (5 + -4)/((-2)/(-8)). Let f = u + 15. What is the units digit of f?
9
Suppose -l - 8 = -2*l. Suppose -g + 9 = 3. Let s = l - g. What is the units digit of s?
2
Suppose -3*a + 3 = -2*a. Suppose -8*q + 15 = -a*q. What is the units digit of q?
3
What is the units digit of 3*1/(-6)*(1 - 13)?
6
Suppose -2*p + 9*p = 728. What is the hundreds digit of p?
1
Let a(h) = h**2 + 4*h. Let z be a(-5). Suppose 0 = -v + z*v - 88. What is the tens digit of v?
2
Suppose 0 = -a + 4*a - 12. Let b(r) = r**3 - r. Let z(w) = -w**3 - 4*w**2 + 4*w + 3. Let i(s) = 2*b(s) + z(s). What is the tens digit of i(a)?
1
What is the tens digit of ((-15)/2)/(-5)*2*6?
1
Let b(v) = v**2 - 4*v. Let k be b(6). Suppose 3*z = -t - k, 3*t - z = 2*z + 24. Suppose -t*r + r + 5*d = 21, -4*r = -2*d + 2. What is the units digit of r?
2
Let g = 12 + 16. Suppose 2*z = -4*s + g, -3*z + 28 = -0*s + 4*s. What is the units digit of s?
7
Suppose -4*g = -2*g - 32. What is the tens digit of g?
1
Let f(y) = -y**3 - 19*y**2 + 28*y + 14. What is the tens digit of f(-21)?
0
Let j(a) be the third derivative of a**5/20 - a**4/12 - a**3/6 + 2*a**2. What is the units digit of j(-1)?
4
Let l be 8/(-52) - (-56)/26. What is the units digit of (-12)/(-3 + l/1)?
2
Suppose 2*f = 28 + 42. What is the tens digit of f?
3
Let o = -8 - -133. What is the tens digit of o?
2
Let c = 268 - 187. What is the tens digit of c?
8
Let w(h) = -h**2 + 12*h + 7. What is the tens digit of w(11)?
1
Let t = 4 - 5. Let f = -2 + t. Let k = f + 7. What is the units digit of k?
4
Suppose -5*w = d + 45, -4*d = w + 2*w + 44. What is the units digit of (-1)/(-4) + (-6)/w?
1
Let v = -4 - -7. What is the units digit of v/(-6) - (-17)/2?
8
Suppose -39 = -5*k + 151. What is the tens digit of k?
3
Let x = -16 - -45. Suppose -5*u = -x + 4. Let l = -3 + u. What is the units digit of l?
2
Suppose 21 + 9 = -5*b. Let h be 3 + -2 + (b - -3). What is the units digit of ((-14)/8)/(h/16)?
4
Suppose 5*c - s = 30, c + s = -0*s. What is the units digit of c?
5
Suppose -4 = -3*m + u - 75, 5*m + 135 = 5*u. Let s = -15 - m. What is the units digit of s?
7
Let k be 2/1*(-58)/(-4). Suppose -a - 53 = -5*h, h - 3*a - k = -h. What is the tens digit of h?
1
Let r(u) = 5*u + 95. What is the tens digit of r(26)?
2
Let o = 5 - -1. Let q be (-6)/(-9) + (-98)/(-6). What is the units digit of q/3 + 2/o?
6
Let d(q) = q**2 - 3*q - 4. Let v be d(5). Suppose 4 = -b + v. Suppose 3*x - b - 10 = 0. What is the units digit of x?
4
Suppose 58 = 2*u - 2*w, -2*u - w = 3*u - 127. What is the tens digit of u?
2
Let r(g) = -3*g**3 + 4*g**3 + 1 + 3*g - 2*g**3 + 2*g**2 + 2*g**2. What is the units digit of r(4)?
3
Let z(j) = -j**3 - 6*j**2 + 8*j + 7. Let l be z(-7). Let k(w) = w**3 - 13. Let q be k(l). Let b = 21 + q. What is the units digit of b?
8
Suppose -227 = -4*n - 75. What is the tens digit of n?
3
Let d(m) = m**3 - 5*m**2 + 5*m - 1. Let y be d(4). What is the tens digit of (4 - 2)*(y + 13)?
3
Let l(d) = d**3 + 2*d - 2. Let h(s) = -4*s**2 + 2*s - 1. Let g be h(1). Let n be (-5)/(-3) - 1/g. What is the tens digit of l(n)?
1
Let w = 606 + -429. What is the units digit of w?
7
Let f(z) = z**2 + 6*z + 5. Let d be f(7). Suppose 0*s = 4*s + 3*o - d, 3*o - 123 = -5*s. What is the units digit of s?
7
Suppose 146 + 398 = 8*j. What is the units digit of j?
8
Let q = 13 + -9. Suppose 3*v + 5*r + 11 = 0, 0 = -q*v + 2*r + r + 24. What is the units digit of v?
3
Let h = -34 + 57. What is the tens digit of h?
2
Let l = -33 - -79. What is the units digit of l?
6
Suppose 4*b = q + 12, 0 = 4*b - 5*b - 5*q + 3. Let k(a) = -a**3 + 4*a**2 + a + 4. What is the units digit of k(b)?
6
Suppose x = -5*g + 26, 5 = g + 2. Let t = -5 + x. What is the units digit of t?
6
Suppose s - 5*s = 2*y - 24, -5*s = 4*y - 33. Suppose -y*j - 2 = -14. What is the units digit of (-9)/j*(-10)/3?
5
Let f(r) = 11*r**2 - 2. What is the units digit of f(-3)?
7
Let d(v) = v**3 + 6*v**2 + 3*v - 1. Let o be d(-4). Suppose -3*p + o = 1. What is the units digit of p?
6
Let a = -32 + 54. What is the tens digit of a?
2
Let t(j) = j**2 + 17. What is the units digit of t(0)?
7
Let l(v) = -v**2 + 1. Let t be l(-1). What is the tens digit of t + 0 + (2 - -16)?
1
Let y be (1 - 2)/(-1) - 22. Let k = 35 + y. What is the units digit of k?
4
What is the units digit of -4 - 45/(-10) - (-123)/2?
2
What is the units digit of -19*(-5)/(25/80)?
4
Let y be ((-54)/8)/((-3)/(-8)). Let n = 14 - y. What is the tens digit of n?
3
Let g be 8/(-6)*111/(-2). Suppose -3*b - g = -2*c - b, 0 = 5*c + 4*b - 167. What is the units digit of c?
5
Let b = -11 - -11. Suppose -5*r - 4*x + 134 = b, 4*x = 2*r - 28 - 48. What is the tens digit of r?
3
What is the units digit of (1/2 - 0)/(11/2090)?
5
Suppose 0*b - 3*h = 2*b - 29, -b = -h - 22. What is the units digit of b?
9
Let r(j) = 2*j**3 - 2*j**2 + 5*j - 4. What is the tens digit of r(3)?
4
Let y(m) = -m**2 - 6*m - 2. Let a be y(-4). Let z = -4 + a. Suppose 3 - 21 = -z*l. What is the units digit of l?
9
What is the units digit of ((-3540)/(-80))/((-3)/(-8))?
8
Suppose -1 = -2*s + 9. Let d(w) = -2 + 4 - w + 4. What is the units digit of d(s)?
1
Let y(h) = 26*h + 1. Let d be y(4). Suppose -v - 2*v + 21 = 0. Suppose -2*q = -v*q + d. What is the tens digit of q?
2
Let h = -8 - -11. Let w be (-2 + h + 0)*-6. What is the units digit of -2 + 8/(w/(-3))?
2
Suppose 28 = 8*g - 3*g - b, -3*g + 5*b = -8. Suppose 22 = k + 2*y, -g*k + k = 4*y - 104. What is the tens digit of k?
2
Let r(k) = 31*k**3 + k - 2. What is the tens digit of r(2)?
4
Let w(s) = s**3 + 11*s**2 - 12*s - 6. Let y be w(-12). What is the tens digit of -2*(-1)/y*-87?
2
Let p(a) = a + 4. Let t be p(4). Suppose c + 3*j - 21 + t = 0, -5*j = -10. What is the units digit of c?
7
Let x(v) = 2*v**2 - 7*v - 2. Let z(y) = -y**2 + 3*y + 1. Let t(r) = 2*x(r) + 5*z(r). Let l be t(-2). Let h = -3 - l. What is the units digit of h?
2
Let q(c) = 4*c - 6. Let y = 29 - 43. Let h = -8 - y. What is the units digit of q(h)?
8
Let k(h) = -5*h**3 - h - 1. Let p = 20 + -22. What is the tens digit of k(p)?
4
Let t(v) = -5*v + 19. What is the tens digit of t(-9)?
6
Let d be 2 - 0/(1 + -2). Suppose -5*y + 12 = d. Suppose -y*a + 0 + 4 = 0. What is the units digit of a?
2
Let h be (-76)/(-18) + (-4)/18. Suppose 4*i - h*g - 16 = 0, 2*g + 20 = 6*i - i. Suppose z + i*z = 40. What is the units digit of z?
8
Let s = 84 - 78. What is the units digit of s?
6
Let h(n) = 53*n - 2. Let m be h(2). What is the units digit of m/18 + 12/54?
6
Suppose z + 10 = 3*z. Suppose 0*m - z*m = -5*a + 35, -5*m - 11 = a. What is the units digit of a?
4
Let y be -3 + 2/1*3. Suppose -14 = -y*b + 5*q + 58, -3*b + 2*q + 63 = 0. What is the tens digit of b?
1
Suppose -5*i - 5*t + 10 = 0, 2*t - 12 - 4 = -5*i. Let h(b) = 0 + b + 1 + i*b**2 + 2*b**3 - 3*b**3. What is the tens digit of h(2)?
1
Let a = 213 + -99. What is the tens digit of a?
1
Suppose 4 + 8 = 3*f. Suppose 2*b - j - 4*j = 49, 0 = -f*b + 3*j + 63. Suppose 